se 6, what is -100 - 0?
-100
In base 5, what is 20 - 120?
-100
In base 12, what is -1 - 405?
-406
In base 3, what is 121 - -100112?
101010
In base 7, what is 204 - 15?
156
In base 12, what is 332 + 1?
333
In base 2, what is 110000000000 - -101?
110000000101
In base 7, what is 1 - 6?
-5
In base 6, what is -2 - -215?
213
In base 14, what is 2ba - -5?
2c1
In base 6, what is -5 + -14051?
-14100
In base 14, what is -3219 - -5?
-3214
In base 13, what is -c8 + -104?
-1cc
In base 10, what is 10 - -6?
16
In base 5, what is 422 - 1?
421
In base 4, what is -23203 - 12?
-23221
In base 10, what is -5 + 87?
82
In base 16, what is 2 + 1e?
20
In base 8, what is -1 + 2423?
2422
In base 6, what is -1 + -14?
-15
In base 3, what is -21 - 2101?
-2122
In base 7, what is 1 + -631?
-630
In base 15, what is -1 + 34?
33
In base 12, what is 2753 + -2?
2751
In base 3, what is 2 + -2101?
-2022
In base 6, what is 0 - 1200?
-1200
In base 7, what is 4 - -152?
156
In base 3, what is 1010122 + 2?
1010201
In base 12, what is 3 + -16b?
-168
In base 11, what is -1 + 336?
335
In base 5, what is -22123 + 2?
-22121
In base 10, what is 2 - 1972?
-1970
In base 13, what is 4112 + 2?
4114
In base 10, what is 51 + 519?
570
In base 3, what is 102 + 11?
120
In base 6, what is 233341 + -5?
233332
In base 5, what is 1 - 2134?
-2133
In base 12, what is -1 + 3634?
3633
In base 12, what is 41b8 + -2?
41b6
In base 10, what is -3 + -630?
-633
In base 12, what is -18a + -6?
-194
In base 6, what is 44 - -322?
410
In base 2, what is 1100 - 1001?
11
In base 4, what is -13 - -32303?
32230
In base 3, what is -11 - 1111?
-1122
In base 4, what is 1 + 2122?
2123
In base 10, what is -23 + -3?
-26
In base 4, what is 1112 + 2?
1120
In base 11, what is 94 + 10?
a4
In base 9, what is 81 - -82?
173
In base 9, what is 1 - -117?
118
In base 15, what is ec + 9?
106
In base 13, what is 5 + -62?
-5a
In base 15, what is -ec + -5?
-102
In base 5, what is 11 + 2444?
3010
In base 13, what is 28 + -6?
22
In base 10, what is 55 + 7?
62
In base 15, what is -5 + 38?
33
In base 11, what is -802 + 0?
-802
In base 7, what is -2 + 625?
623
In base 11, what is 12 - 28?
-16
In base 11, what is 4 + 41?
45
In base 5, what is -104 + -11?
-120
In base 3, what is -112 - -2020?
1201
In base 5, what is 222 + 23?
300
In base 2, what is 101000011 - -11?
101000110
In base 15, what is -19 - 7c?
-96
In base 8, what is 175 + -2?
173
In base 12, what is -1a - 13?
-31
In base 14, what is -d48 + 4?
-d44
In base 14, what is -1 - 2a1d?
-2a20
In base 5, what is -120 + 431?
311
In base 11, what is -412 + -3?
-415
In base 11, what is 24 + a?
33
In base 15, what is -1 + 11?
10
In base 6, what is -104 + 0?
-104
In base 6, what is 0 - -52?
52
In base 8, what is 1355 - 26?
1327
In base 12, what is -3 - 518?
-51b
In base 5, what is -43310 + 0?
-43310
In base 4, what is 1 + 2011?
2012
In base 13, what is 5 - -20?
25
In base 14, what is b - -ac9?
ad6
In base 4, what is 3321 + -101?
3220
In base 13, what is 4a5 - 4?
4a1
In base 16, what is -1437 - -2?
-1435
In base 9, what is 26 + -455?
-428
In base 11, what is -28 - -3?
-25
In base 14, what is 5 + 727?
72c
In base 14, what is -2 - b3?
-b5
In base 4, what is -1 + 1023?
1022
In base 12, what is -1 + 38?
37
In base 9, what is 884 - -5?
1000
In base 6, what is 30 + 324?
354
In base 9, what is -600 - -3?
-586
In base 14, what is -1 - -80?
7d
In base 9, what is -46 - 67?
-124
In base 11, what is 3 - -226?
229
In base 16, what is -3 - 186?
-189
In base 16, what is -4 + -3?
-7
In base 16, what is -3f - 4a?
-89
In base 15, what is -9d - -1?
-9c
In base 16, what is -5 - -35b?
356
In base 3, what is 112101 - -11?
112112
In base 2, what is -10111 + -10110?
-101101
In base 3, what is -102021121 + -2?
-102021200
In base 10, what is 145 + -1?
144
In base 5, what is 140441 - -10?
141001
In base 4, what is -202022 - 1?
-202023
In base 4, what is 21100 - 1?
21033
In base 9, what is 4 + 244?
248
In base 13, what is 12 - 51?
-3c
In base 5, what is 44 - -2?
101
In base 13, what is 30 - -72?
a2
In base 10, what is -37 + 22?
-15
In base 8, what is 13033 + -1?
13032
In base 14, what is -1 + 113?
112
In base 16, what is 30 + -22?
e
In base 2, what is -110 - 111?
-1101
In base 9, what is -2672 - -5?
-2666
In base 15, what is 55 + -c?
48
In base 9, what is -2566 - -5?
-2561
In base 16, what is 97 - 0?
97
In base 16, what is -cf - 2?
-d1
In base 3, what is -110 + 0?
-110
In base 14, what is -38 + -19?
-53
In base 4, what is -2 - 11220?
-11222
In base 11, what is a2 + -14?
89
In base 8, what is 0 - -163?
163
In base 12, what is 18 - 319?
-301
In base 3, what is 2112 - 120222?
-111110
In base 10, what is -183 - -3?
-180
In base 8, what is -11 - 2?
-13
In base 2, what is 10110 + 1111111?
10010101
In base 12, what is -5 - 34?
-39
In base 14, what is 5 + -102?
-db
In base 8, what is -15 + 101?
64
In base 16, what is 46 + 12?
58
In base 3, what is -12111 - 12?
-12200
In base 12, what is 3 - -99?
a0
In base 6, what is -21 - 511?
-532
In base 3, what is 10 + -1211000?
-1210220
In base 3, what is -1 + -1222?
-2000
In base 3, what is -100 + -22?
-122
In base 12, what is aa - b6?
-8
In base 6, what is -2053 - -4?
-2045
In base 11, what is 14 - -61?
75
In base 3, what is 2 - -1222?
2001
In base 7, what is -206 + 0?
-206
In base 4, what is 0 - -1122?
1122
In base 6, what is 3204 + -3?
3201
In base 6, what is -3 + 12?
5
In base 7, what is 31 - 1?
30
In base 10, what is 2 - -827?
829
In base 7, what is -24 + -1056?
-1113
In base 4, what is -3 + 3121?
3112
In base 6, what is 4 + 111?
115
In base 3, what is 1010100 + 202?
1011002
In base 6, what is -552 + 3?
-545
In base 8, what is 242 + -11?
231
In base 6, what is -221 + -1?
-222
In base 14, what is 1 + 1d6?
1d7
In base 15, what is 5 + -42?
-3c
In base 9, what is 0 + -764?
-764
In base 4, what is 11 - -1003022?
1003033
In base 4, what is -2 - -3012?
3010
In base 2, what is -101010 + 10?
-101000
In base 11, what is 0 + -38?
-38
In base 13, what is 222 + 4?
226
In base 11, what is -2128 - -5?
-2123
In base 5, what is -1004 + -3?
-1012
In base 2, what is -101001010010 + -1?
-101001010011
In base 8, what is -5 + 15?
10
In base 3, what is 12 - -100211?
101000
In base 14, what is 65 + -3a?
29
In base 10, what is 20 + -10?
10
In base 13, what is -3a + 0?
-3a
In base 10, what is -12 - 158?
-170
In base 5, what is -4 + -203?
-212
In base 11, what is -391 - 3?
-394
In base 4, what is 10 - 11?
-1
In base 14, what is 51 - -1?
52
In base 4, what is -112 - 12231?
-13003
In base 7, what is -141 - 4?
-145
In base 12, what is 3 + -2?
1
In base 12, what is -67 - 4?
-6b
In base 11, what is 5 - -49?
53
In base 10, what is 5 - -6104?
6109
In base 15, what is 20 + -7?
18
In base 13, what is -4 - 74?
-78
In base 8, what is 162 + 36?
220
In base 15, what is 5 + d?
13
In base 6, what is -1402 + 0?
-1402
In base 2, what is 11 + -100000?
-11101
In base 2, what is -101 + -101010?
-101111
In base 15, what is 29 + 23?
4c
In base 16, what is -2 + b1?
af
In base 4, what is -1023 + 211?
-212
In base 13, what is -51b + 1?
-51a
In base 3, what is -22111 + 2102?
-20002
In base 5, what is 4220 - 1?
4214
In base 12, what is -a + -6?
-14
In base 8, what is 36135 - 1?
36134
In base 14, what is -5 + -386?
-38b
In base 10, what is 27 - -12?
39
In base 5, what is -4 - 1410?
-1414
In base 16, what is 0 + cf?
cf
In base 16, what is 5e + 4?
62
In base 5, what is -10 + -203?
-213
In base 7, what is -2 + -56?
-61
In base 16, what is 2c + -29?
3
In base 13, what is -1c5 - -4?
-1c1
In base 10, what is -4 - -19?
15
In base 13, what is -2baa - -5?
-2ba5
In base 9, what is 24 - -6?
31
In base 6, what is -1402 - 3?
-1405
In base 11, what is 1270 - -7?
1277
In base 16, what is 200 + 8?
208
In base 7, what is -42 + -35?
-110
In base 15, what is c1 + -1?
c0
In base 9, what is 3 + -215?
-212
In base 16, what is -3f - -9?
-36
In base 3, what is 0 + -10?
-10
In base 4, what is -33200 - 0?
-33200
In base 9, what is -4 + -300?
-304
In base 12, what is -9 + -1b7?
-204
In base 7, what is -103 - 4?
-110
In base 7, what is 4 - 135?
-131
In base 5, what is 0 - 1014?
-1014
In base 8, what is -5 - 22?
-27
In base 2, what is 100 + -1110100100?
-1110100000
In base 3, what is 122020100 + 12?
122020112
In base 12, what is 819 - 5?
814
In base 15, what is -78b + 2?
-7